ue
Let i be 10/(-35) + (-379275)/21. Let g = 28722 + i. Is g composite?
True
Suppose -6521 = -5*c + 9849. Is c prime?
False
Suppose -38 + 154 = -4*q. Suppose d = -d - w + 192, -388 = -4*d - 3*w. Let t = q + d. Is t a composite number?
True
Is (-211604)/(-32) + (15/(-24) - -1) prime?
False
Suppose -569 = -2*v - k, 2*v + 2*v = -5*k + 1135. Suppose 3 = -3*d, d + 45 = i - v. Is i a prime number?
False
Is (-34703787)/(-713) + 4/46 a composite number?
False
Suppose 0 = -t - 1 + 5. Suppose 2*p - 240 = -2*l - 3*p, t*l - 450 = 5*p. Is l a prime number?
False
Suppose 2*r = -1 + 5. Let d(o) = 0 + o**3 - 6*o**2 + 7 - 14 - r*o**3 + o. Is d(-7) prime?
False
Let z(f) = -38*f - 375. Let r be z(-10). Let u(x) = -x - 3. Let d be u(-5). Suppose d*v + r*t - 256 = v, -5 = -5*t. Is v a prime number?
True
Is (1/(-4))/((-126)/309456) a prime number?
False
Let u = 33 - 8. Suppose 2*m = 45 + u. Is m composite?
True
Let s(w) = 2 + 61*w**2 + 3*w + 2 + 3*w. Let f = -346 + 351. Is s(f) composite?
False
Let d(t) = 684*t**3 + t**2 + t - 1. Let p(j) = j**2 - 4*j + 5. Let g be p(2). Is d(g) a composite number?
True
Let l(k) = -12*k**3. Let n be l(-1). Suppose -8*t + n = -4*t. Suppose 93 = 6*a - t*a. Is a composite?
False
Let z = 125 - -169. Suppose -3*b + z + 606 = 0. Is (4 - 0 - 3) + b a composite number?
True
Suppose 1354 = 5*l + 3*q, -5*q = -0*q - 15. Let v = 65 + -62. Suppose 1148 = v*b + l. Is b a composite number?
False
Let q(g) = -36*g + 13. Let m = 22 + -41. Let k be q(m). Suppose -224 + k = 3*d - 2*l, 5*d - 795 = 5*l. Is d a prime number?
False
Let p(d) = -2*d + 6. Let q be p(0). Suppose q = 4*w - 6. Suppose -4*u - 103 = -w*g - 0*g, 97 = 3*g + 2*u. Is g a composite number?
True
Suppose 0 = 10*c + 2*c. Suppose 4*b - 4*q = 612, c = -b - 4*q - 62 + 195. Is b a prime number?
True
Let x(s) = -s**2 - 5*s - 2. Let k be x(-4). Suppose -5*a - 1933 = -4*r, -2*a - k*a + 2447 = 5*r. Is r prime?
True
Let t(b) = -1612*b + 671. Is t(-15) a prime number?
True
Is (-264)/220 + 181562/10 a composite number?
True
Let t = 10 + -5. Suppose 3*k - 17 + t = 0. Suppose -4*n - 15 = 5*o - 6*o, 0 = -n + k. Is o a composite number?
False
Let j be 1 - -8*2/4. Suppose -j*d - 71 + 1956 = 0. Is d a prime number?
False
Let t = -309 - -694. Let s = 1138 - t. Is s a composite number?
True
Suppose -22*y + 18*y - 4*s + 376 = 0, -4*s = -2*y + 206. Is y a prime number?
True
Let z be (2 + -4 + 1)*(-47)/1. Suppose -670 = 45*u - z*u. Is u composite?
True
Let y(v) = v**3 - 6*v**2 + 7*v + 1. Let d be y(5). Let z(w) = -w**2 - 4*w**2 - 3 - 12*w + 7*w**2 - 3*w. Is z(d) a composite number?
True
Let g be ((-44)/(-5))/(4/70). Let t = g - -535. Is t a prime number?
False
Let i(w) = 89*w**2 - 11. Let c be i(3). Suppose -5*l + 9750 = -2*x, 3*l - x - c - 5060 = 0. Suppose -l = -q - 293. Is q a prime number?
True
Is (-61)/(-244) - (-89478)/8 composite?
True
Let p be (6/(-4))/((-21)/28). Suppose 0*d = p*d - 110. Is d composite?
True
Let w(b) = b**2 + b. Let i be w(1). Is 2018*((-1)/i + 1) a composite number?
False
Let z = -55 + 58. Suppose -5*i + 19705 = 5*g, g + 0*g - z*i = 3949. Is g a prime number?
True
Suppose x + 2*x + 996 = 3*d, 5*d = -x + 1630. Let n = d - -88. Is n a composite number?
True
Let n = 3421 + -602. Is n a prime number?
True
Is (-3)/(-2) + 44606*11/44 prime?
False
Suppose 0 = -2*w - 2*w - 48. Suppose -27 = -a + 3*t, -a + 42 - 11 = -4*t. Let o = w + a. Is o composite?
False
Let t(b) = b**3 - 4*b**2 - 9*b - 7. Let j be -3 - (0 + 0 - 10). Is t(j) a prime number?
False
Let a(b) be the first derivative of 3*b**2/2 + 10*b + 8. Is a(3) a composite number?
False
Suppose -2*a + 16 = -4*d, 4*a + 4*d + 2 = -a. Is a/(-4)*(-1042)/1 a prime number?
True
Is 5508 - (3 + -1 + -3) prime?
False
Let d = -49 - -52. Suppose d*o = 5*l + 993, -5*o + 662 = -3*o - 4*l. Is o composite?
False
Suppose 315 - 15 = 4*z. Suppose 4*h - z - 73 = 0. Is h a composite number?
False
Suppose 4*f + 359 = -m + 9169, -2*f - m + 4404 = 0. Is f composite?
False
Let i = 13 + -9. Suppose t = i*t - 669. Is t a prime number?
True
Suppose 0 = -6*s + 3474 + 10920. Is s a composite number?
False
Let w(c) = c**2 - 27*c + 5. Is w(-18) a prime number?
False
Let a = -4424 + 50251. Is a composite?
False
Let p = 20073 - 10874. Is p a composite number?
False
Let x(d) = 4*d - 15. Let s be x(8). Suppose -s*a = -16*a - 1565. Is a composite?
True
Suppose -2*x + g - 1132 = 0, -3*x + 4*g - 1693 = -0*x. Let s = x - -986. Is s composite?
False
Let n = 22868 + -8787. Is n a prime number?
True
Let h(i) = 4*i**2 - 5*i - 4. Let l be h(-9). Suppose 6*g - 7*g = 2*q - l, 0 = 2*g - 3*q - 751. Is g a composite number?
True
Let y = 9 - 8. Is (y - 4) + 121*34 a composite number?
False
Let u = -100 - -70. Suppose -5*h = -w - 3*w - 299, 5*h = w + 311. Let q = u + h. Is q composite?
True
Let n(w) = 4*w - 5. Let c be n(-5). Let r = c - -63. Let i = r - 12. Is i composite?
True
Let i(f) = 412*f - 21. Let r be i(13). Suppose 0 = 5*t - 0*t - r. Is t a prime number?
False
Is (4198425/(-12))/(-11) + 12/16 composite?
True
Suppose 824 = -0*y + 4*y. Suppose 7*n = p + 3*n - y, -5*p + 1074 = 2*n. Let i = 757 - p. Is i composite?
True
Let r(m) = 597*m**2 - 3*m - 147. Is r(10) prime?
False
Let p = 837 - -3696. Suppose -f - 2*f - 5*v + p = 0, 4*v = 0. Is f composite?
False
Suppose -6*l + 10*l - 16 = 0. Suppose l*w = 3*w + 1391. Is w composite?
True
Let h = -151030 + 325953. Is h prime?
False
Let r be ((-8)/(-3))/((-6)/(-18)). Suppose 0 - r = -4*k. Suppose c = k*g + 297, 2*c = 4*g + g + 598. Is c a composite number?
True
Suppose 0*u - 3*u + 15 = 0. Suppose v + 804 = q, u*v - 13 = 2. Is q a prime number?
False
Suppose -6*m + 2*m = -196. Suppose 3*y = r - 70, -4*r - y - m + 355 = 0. Suppose -5*b + r = -3*b. Is b composite?
True
Let k = -9 - -3. Is 4/(-6) + (-1126)/k a prime number?
False
Let n = 427 + -147. Suppose -2*k - k + 275 = 4*m, 4*m + 4*k - n = 0. Is m a prime number?
False
Suppose y - 4*k = 2239, 29*k = -3*y + 25*k + 6685. Is y prime?
False
Let y = 19252 - -8871. Is y a prime number?
True
Let n = 219 - 133. Suppose -n - 94 = -4*k. Is 10/4*2358/k a prime number?
True
Suppose 0 = -5*f + 2*q - 65, 0 = -f - 6*q + 4*q - 1. Let s = f + -12. Let o = -4 - s. Is o composite?
False
Let j(w) = 649*w + 201. Is j(28) a prime number?
False
Let x(o) be the second derivative of 65*o**3/6 + 23*o**2 + 14*o. Is x(8) composite?
True
Let o(d) = -d**2 + 11. Let a be o(0). Let z(y) = -11*y - 7 - a + 30*y. Is z(11) a prime number?
True
Let m = 11740 - 6071. Is m a prime number?
True
Suppose 5*f - 5*h = 5800, -4*h = -f - 7*h + 1172. Is f prime?
True
Suppose 2*q - 6*q - 52614 = -5*v, 5*v = q + 52611. Is v a prime number?
False
Is (-2)/(32/(-4) - -4)*18978 prime?
False
Suppose 3*l - 1312 + 14101 = 3*k, 4*l = k - 4278. Is k composite?
True
Is (-190078)/(-35)*(-55)/(-22) prime?
True
Suppose -113387 = -5*m - l, 9 = 2*l + 5. Is m prime?
False
Is (196/(-294))/((-4)/268914*1) prime?
True
Suppose 86*s - 7881 = 83*s. Is s composite?
True
Let c(l) = 5*l + 61. Let m be c(-11). Is 4 + m + -3 + 5430 prime?
True
Is (-4 - (-6 + 3))/(5/(-12485)) a prime number?
False
Is 935307/57 + (-36)/(-342) composite?
True
Suppose 172 = 4*g - 180. Suppose 657 = w - g. Is w a composite number?
True
Suppose 5*m + 5*c = 25, -3*m + 5*m - c - 13 = 0. Let r(v) = -4 + v + m*v + 60*v - 5. Is r(4) composite?
True
Let l(m) = 1253*m. Let z = -25 + 26. Is l(z) a prime number?
False
Let o be -2 - ((-2)/10 + 32/10). Is (-1 - 498/4)/(o/10) a prime number?
True
Let v be (1 - -2)/((-12)/16). Let h(r) be the second derivative of -35*r**3/6 - 9*r**2/2 - 4*r. Is h(v) a prime number?
True
Suppose -s = 58*s - 4825846. Is s prime?
False
Suppose -5*k = k. Suppose k = 51*r - 56*r + 1895. Is r a prime number?
True
Let k = 0 - -3. Let y be -3 + 516 + (1 - 3). Suppose 0 = -5*l + k*u + 2483, l - y = -2*u - u. Is l a composite number?
False
Suppose 5 + 13 = -6*t. Is (-3)/((-6)/2980)*t/(-6) composite?
True
Suppose -d + 5 = 3. Let h be d + 8/(-1 + 5). Suppose -7*f + h*f = -705. Is f a prime number?
False
Let b(p) = p**3 - 6*p**2 + 7*p - 6. Let f be (-1)/(-4 - 124/(-32)). Is b(f) a composite number?
True
Let q = 138 - -288. Let w = q - -241. Is w prime?
False
Let x be 10/25 - 4/10. Suppose 0 = -3*h + w + 581, 2*h - w - 398 = -3*w. Suppose k + 2*n - h = 0, x = k - 5*n - 191 +